{"id":655,"date":"2021-09-16T14:30:47","date_gmt":"2021-09-16T17:30:47","guid":{"rendered":"https:\/\/camponesa.cestaagroecologica.com.br\/?post_type=product&#038;p=655"},"modified":"2022-04-07T18:46:36","modified_gmt":"2022-04-07T21:46:36","slug":"acucar-mascavo","status":"publish","type":"product","link":"https:\/\/camponesa.cestaagroecologica.com.br\/index.php\/produto\/acucar-mascavo\/","title":{"rendered":"A\u00e7\u00facar mascavo 500g"},"content":{"rendered":"<p>Produzida pela Cooperativa Mista de Produ\u00e7\u00e3o e Comercializa\u00e7\u00e3o Camponesa do Esp\u00edrito Santo na comunidade S\u00e3o Jos\u00e9-Aguia Branca-ES.<\/p>\n","protected":false},"excerpt":{"rendered":"<p>Produzida pela Cooperativa Mista de Produ\u00e7\u00e3o e Comercializa\u00e7\u00e3o Camponesa do Esp\u00edrito Santo na comunidade S\u00e3o Jos\u00e9-Aguia Branca-ES.<\/p>\n","protected":false},"featured_media":1126,"template":"","meta":[],"product_brand":[],"product_cat":[29,30],"product_tag":[],"class_list":{"0":"post-655","1":"product","2":"type-product","3":"status-publish","4":"has-post-thumbnail","6":"product_cat-graos-e-farinhas","7":"product_cat-outros","8":"zita-woo-hover-","9":"zita-shadow-","10":"zita-shadow-hover-","11":"zita-single-product-content-left","12":"zita-single-product-tab-","14":"first","15":"instock","16":"taxable","17":"shipping-taxable","18":"product-type-simple"},"_links":{"self":[{"href":"https:\/\/camponesa.cestaagroecologica.com.br\/index.php\/wp-json\/wp\/v2\/product\/655","targetHints":{"allow":["GET"]}}],"collection":[{"href":"https:\/\/camponesa.cestaagroecologica.com.br\/index.php\/wp-json\/wp\/v2\/product"}],"about":[{"href":"https:\/\/camponesa.cestaagroecologica.com.br\/index.php\/wp-json\/wp\/v2\/types\/product"}],"wp:featuredmedia":[{"embeddable":true,"href":"https:\/\/camponesa.cestaagroecologica.com.br\/index.php\/wp-json\/wp\/v2\/media\/1126"}],"wp:attachment":[{"href":"https:\/\/camponesa.cestaagroecologica.com.br\/index.php\/wp-json\/wp\/v2\/media?parent=655"}],"wp:term":[{"taxonomy":"product_brand","embeddable":true,"href":"https:\/\/camponesa.cestaagroecologica.com.br\/index.php\/wp-json\/wp\/v2\/product_brand?post=655"},{"taxonomy":"product_cat","embeddable":true,"href":"https:\/\/camponesa.cestaagroecologica.com.br\/index.php\/wp-json\/wp\/v2\/product_cat?post=655"},{"taxonomy":"product_tag","embeddable":true,"href":"https:\/\/camponesa.cestaagroecologica.com.br\/index.php\/wp-json\/wp\/v2\/product_tag?post=655"}],"curies":[{"name":"wp","href":"https:\/\/api.w.org\/{rel}","templated":true}]}}